 5. Let i = -14 + 7. Let x be -1 + 1 + -2 - i. Is a(x) a multiple of 4?
False
Let s(o) = 10*o - 2. Let z = -8 + 10. Does 6 divide s(z)?
True
Let k be (8/6)/((-4)/(-6)). Suppose 2*v = f + 2, -k*v + 2*f - 5 = -3. Suppose -r - v = w - 15, -r = 5*w - 68. Does 7 divide w?
True
Let h(s) be the second derivative of s**5/20 - s**4/3 + s**3/2 + s**2/2 + s. Let v be h(3). Let i(y) = 6*y**3. Does 6 divide i(v)?
True
Suppose -5*h + 47 = -3*y - y, -41 = -3*h - 4*y. Is 11 a factor of h?
True
Let i be (-3 - (-2)/1)*6. Is 5 a factor of (-58)/i - (-1)/3?
True
Let p = -13 + 5. Let j = p - -7. Is 10 a factor of ((-74)/j)/(1 - -1)?
False
Let l(b) = -2*b**2 + 2 - 2*b**2 + 3*b**2 - 5*b. Let m be l(-5). Suppose 8 + 24 = m*s. Is s a multiple of 7?
False
Let d be ((-16)/(-12))/(2/3). Suppose -4*h = -d - 6. Is 2 a factor of h?
True
Let z(a) = -2 - 4*a - 3*a + 5*a + a. Is 5 a factor of z(-10)?
False
Suppose -3*j = -k + 196, -4*k + 3*j = -6*k + 401. Suppose 41 + k = 5*v. Does 12 divide v?
True
Let o = 16 + -13. Suppose -o = -y + 21. Is y a multiple of 8?
True
Suppose 4 = 2*w - 0. Let n(l) = 3*l**3 - 3*l**2 + 3*l. Is n(w) a multiple of 8?
False
Suppose -9 = -0*n - 3*n. Is 3 a factor of n/12 + 22/8?
True
Let d = 168 - 84. Is 13 a factor of d?
False
Let h be -1*(9 + 2 + 2). Let z = h - 1. Does 13 divide 8/(-28) + (-550)/z?
True
Is (-2 - -1)*5*(-2 - 9) a multiple of 11?
True
Let k = -40 - -22. Does 20 divide (12/k)/((-1)/30)?
True
Let c = -60 + 170. Does 7 divide c?
False
Let x(n) = -5 - 2*n**3 + 5*n + 3*n**3 - 4*n**2 + 8 - n**2. Let k be x(4). Suppose -k*z + 2*z = g - 129, -3*z + 81 = -3*g. Does 14 divide z?
False
Suppose 4*m - 2*w = -4, -4*m - 2*w - 3 = -7. Let s be -96*(m - (-1)/(-2)). Let g = s + -34. Is 13 a factor of g?
False
Let h = -5 + 5. Suppose -3*n - 4*o = h, 3*o - 1 = n - 14. Suppose -n*y + 24 = -0*y. Is y even?
True
Let v(m) = 49*m**2 - m - 2. Is 14 a factor of v(-2)?
True
Let g be (-18)/(-30) + 7/5. Suppose r = -g*t + 51, -2*r + r - 93 = -4*t. Is 8 a factor of t?
True
Suppose -13 = -y - 2. Suppose -y = 3*q - 38. Does 6 divide q?
False
Is 16 a factor of -22*55/(-10) + -2 + 1?
False
Let h(c) = -4*c - 3. Let m be h(-2). Suppose -2*t - 2*o = -3*t + 7, -20 = m*o. Does 19 divide (3/(-9))/t*114?
True
Suppose 2*x = -x + 15, -3*i = x - 287. Let c be i/2 - (1 + -1). Let y = -31 + c. Is y a multiple of 6?
False
Is 19 a factor of 11/33*3*97?
False
Let h(k) = 5*k**2 - 7 - 2*k - 3*k**2 - k**2. Let y be h(5). Let q = y + -4. Is 2 a factor of q?
True
Suppose -3*j = 12, 13 = -3*p - 4*j + 3. Suppose 0*l = p*l - 32. Does 8 divide l?
True
Suppose 4*l = 20, -4*d - 3*l = -0*l + 1. Let h be (-8)/((-2)/(-4)*d). Does 5 divide (h/(-8))/((-1)/30)?
True
Let f be (25/10)/(2/4). Suppose 0 = 4*s, 2*s - 84 = -f*d + 71. Is d a multiple of 9?
False
Let k(o) = -o**3 - 6*o**2 + 6*o - 3. Let w be k(-7). Suppose w*d + 24 = 112. Does 11 divide d?
True
Let l(b) = -39*b**3 - b**2 + 1. Let r be l(-1). Let v = 6 - 8. Is (v/6)/((-1)/r) a multiple of 6?
False
Let z(f) = 15*f. Let u be z(1). Let h(w) = -w**2 - w + 2. Let b be h(-4). Let j = u + b. Is 5 a factor of j?
True
Suppose -5*n - 118 = -s, -5*s - 16 = 3*n + 38. Let f = -11 - n. Is 4 a factor of f?
True
Suppose 2*y = -9 + 1. Does 8 divide (y/6)/((-2)/48)?
True
Let x be (1 - 0)/1 - -4. Suppose -x*v - 4*g + 13 = -266, -2*g - 8 = 0. Suppose -60 = -5*y + s + 21, -4*y - 5*s = -v. Does 8 divide y?
True
Let w(n) = n**3 + 9*n**2 + 9*n + 12. Does 14 divide w(-7)?
False
Let h(g) = 2*g**2 + 5*g + 30. Does 45 divide h(10)?
False
Let g(y) = y**3 + 2*y**2 - 5*y - 8. Let a be g(-4). Let p = 24 - a. Is p a multiple of 22?
True
Let g(s) = s**3 + 6*s**2 + s - 7. Let d be g(-6). Let j = d + 20. Is 4 a factor of j?
False
Suppose a - 285 = 5*t, -1344 = -5*a + t - 3*t. Is a a multiple of 45?
True
Let r = 104 - 56. Let c = -9 + r. Is 13 a factor of c?
True
Suppose 435 = 4*x - 7*c + 2*c, 5*x - 2*c = 531. Is x a multiple of 15?
True
Let p = -28 + 46. Suppose a + 19 = 4*n, 2*a - 5*n = -p - 8. Is 5 a factor of 8 + 3/a + 2?
False
Suppose -3*s + 2*s + 4 = k, -8 = -4*k. Suppose 4*t - 137 = v, 3*t + 0*v = s*v + 99. Is t a multiple of 21?
False
Let m(l) = -l**2 + 10*l - 5. Does 14 divide m(7)?
False
Suppose v + 24 = 2*z + 3*v, -2*z = -2*v - 40. Is z a multiple of 2?
True
Let b be -3 + 0*(-3)/9. Let f be b + (1 - 0) - -5. Suppose -f*l + 48 = -15. Is 9 a factor of l?
False
Let v(k) = 2*k**3 - 7*k**2 - 2*k + 6. Is v(5) a multiple of 18?
False
Suppose -4 = -3*m - 4*y, 2*m = -0*y - 3*y + 4. Is 14 a factor of (2 - 44)/(6/m)?
True
Suppose 0*p + 4 = p. Does 4 divide p/22 + (-260)/(-22)?
True
Suppose -3*k + 3*l + 54 + 327 = 0, -k - l = -131. Does 15 divide k?
False
Suppose -4*p + 80 = 4*c, 20 = 4*c - 2*c - 3*p. Does 12 divide (-4)/((-24)/9)*c?
True
Let g be 70/(-4)*(-7 - -9). Let m be (-45)/g - (-4)/(-14). Let l = 2 + m. Is 2 a factor of l?
False
Let a(o) = 4 + 3 + o**2 - 2*o - 4. Is 18 a factor of a(-3)?
True
Let n be (-2 + 5)*-2 + 4. Let j(z) = -2*z**2 - 6*z. Let r be j(-4). Is (-17)/(-2)*r/n a multiple of 17?
True
Suppose -70 = -5*k - 0*k. Is k a multiple of 3?
False
Suppose -8*v = -12*v + 252. Is 7 a factor of v?
True
Let a(s) be the second derivative of s**4/3 - s**3/6 - 2*s**2 + 2*s. Let m be a(-4). Suppose -46 - m = -5*t. Does 11 divide t?
True
Does 39 divide 79 + -6 + 0 + 3?
False
Let p(v) = -5*v - 1. Let n(z) = -4*z - 2. Let q(k) = -4*n(k) + 3*p(k). Does 6 divide q(13)?
True
Let j be 2*2/(-2) + 10. Is 15 a factor of (-324)/(-8)*j/6?
False
Let w be 1 - (-5)/(15/81). Suppose 0 = 7*z - 5*z - 82. Let r = z - w. Does 7 divide r?
False
Let a(c) = 7*c**2 + c. Suppose -2*r - 2*r = 4*g - 32, -3*r + 14 = g. Suppose g*u - 1 = 4. Is 8 a factor of a(u)?
True
Suppose 8*l + 65 = 721. Is 20 a factor of l?
False
Suppose -5*a = -23 - 427. Is 25 a factor of a?
False
Let f(o) = 6*o**2 + 5*o - 8. Let y(m) = -7*m**2 - 5*m + 8. Let v(r) = -6*f(r) - 5*y(r). Let i be v(-6). Suppose -i*x = -7*x + 25. Does 2 divide x?
False
Let x = -1 - -6. Suppose 0 = x*k - 4*k - 3. Suppose -33 + 12 = -k*y. Is 3 a factor of y?
False
Let h = 382 - 188. Is h a multiple of 27?
False
Let h = 40 - 64. Suppose -3*d = -0*d + 48. Let v = d - h. Is v a multiple of 4?
True
Let t(a) = a**3 + a**2 + 45. Let x be t(0). Suppose 5*k - 4*p - 4 = 49, -3*k - 2*p + x = 0. Is 13 a factor of k?
True
Suppose -4*f = -f - 3*v - 288, -2*v - 480 = -5*f. Does 16 divide f?
True
Let x(r) = 2*r**2 - 5*r - 6. Suppose 3*w = -2*w + 25. Is 5 a factor of x(w)?
False
Let m be ((-1)/2)/((-2)/60). Let l(q) = 2*q - 2 + 2 + 1 + m*q**2. Is 7 a factor of l(-1)?
True
Suppose 153 = 5*h + 4*v, -2*v - 49 = -2*h + 23. Is h a multiple of 33?
True
Suppose -p + 3*p = x + 275, 0 = -p - 2*x + 150. Suppose 6*z - z = p. Is 17 a factor of z?
False
Let n be (-7 + -2)/(4 - 7). Suppose 0 = b - 9 - n. Is 7 a factor of b?
False
Let k = 13 - 8. Suppose 0 = -5*d - 15 - k. Is 2/d + 76/8 a multiple of 9?
True
Suppose 0 = w + 132 - 335. Does 16 divide w?
False
Let u(k) = k**3 - 5*k**2 - 6*k + 9. Let x be u(6). Suppose -s + 199 = 5*z, -3 - x = -3*s. Does 19 divide z?
False
Let c(a) be the first derivative of 3*a**2 + a - 2. Let s be c(-1). Let j = s + 17. Is j a multiple of 12?
True
Let g be 1/(-5) + 424/20. Does 21 divide 6*1*g/6?
True
Suppose -9*j + 18 = -8*j. Is 9 a factor of j?
True
Let r = -77 + 137. Suppose -10*u = -7*u - 6. Suppose -l = u*l - r. Is 10 a factor of l?
True
Let n = 2 + 6. Is n a multiple of 3?
False
Let m(w) = w**2 - 4*w + 1. Let u be m(-9). Suppose -4*i = -82 - u. Is 22 a factor of i?
False
Suppose -3*w + 5*a + 430 = 0, 3*a - 340 = -2*w - 66. Is 18 a factor of w?
False
Let n(m) = m**3 - 4*m**2 + 2*m - 1. Let g be n(4). Let s = 13 - g. Is s a multiple of 3?
True
Let y = -1 + 3. Suppose 0 = -z - 2*k + 9, 12 = 4*z - 0*z + y*k. Let w = 19 - z. Is w a multiple of 18?
True
Let n(k) = -43*k - 1. Let i be n(-1). Suppose -3*r - i = -4*r. Is 21 a factor of r?
True
Suppose -272 = 2*d - 6*d. Suppose -3*l - 3*o = -l - 84, 2*l - d = 5*o. Is l a multiple of 13?
True
Suppose f + f = -3*c + 119, 3*f = -15. Let m = c + -28. Does 6 divide m?
False
Is 4815/10*(2 + 16/(-12)) a multiple of 19?
False
Suppose 3 = 3*v - 18. Let t = v - 3. Is t a multiple of 4?
True
Let c(l) = 12*l + 1. Does 13 divide c(1)?
True
Let z = 125 - 45. Suppose -2*k - 4*k + 288 = 0. Let y = z - k. Does 16 divi